{"id":880,"date":"2024-03-27T18:16:04","date_gmt":"2024-03-27T17:16:04","guid":{"rendered":"https:\/\/goshiatsudo.com\/?page_id=880"},"modified":"2025-09-24T10:16:21","modified_gmt":"2025-09-24T08:16:21","slug":"cgv-et-mentions-legales","status":"publish","type":"page","link":"https:\/\/goshiatsudo.com\/index.php\/cgv-et-mentions-legales\/","title":{"rendered":"CGV et Mentions l\u00e9gales"},"content":{"rendered":"\n<p><strong>Conditions g\u00e9n\u00e9rales de vente (CGV)<\/strong><\/p>\n\n\n\n<p>Les prestations propos\u00e9es incluent des massages Shiatsu, des initiations au Chi-Kung et des s\u00e9ances d&rsquo;auto-massage. Ces prestations sont effectu\u00e9es dans le respect des personnes : avant, pendant et apr\u00e8s les s\u00e9ances. Leur anonymat est donc garanti et nos \u00e9changes restent confidentiels.<\/p>\n\n\n\n<p>Aucune donn\u00e9e personnelle n&rsquo;est recueillie par ce site, qui ne comprend aucun formulaire de contact. Ce qui exclut toute forme de d\u00e9marchage ou relance \u00e0 des fins commerciales.<\/p>\n\n\n\n<p>Tous les prix sont indiqu\u00e9s en Euros TTC et incluent les frais de d\u00e9placement le cas \u00e9ch\u00e9ant. Les prestations aupr\u00e8s de collectivit\u00e9s font l&rsquo;objet d&rsquo;un devis et \u00e9ventuellement, d&rsquo;une convention sign\u00e9e par les parties.<\/p>\n\n\n\n<p>Modalit\u00e9s de r\u00e8glement<\/p>\n\n\n\n<p>\u2022 abonnements : esp\u00e8ces ou virement bancaire initial<\/p>\n\n\n\n<p>\u2022 \u00e0 l&rsquo;issue de chaque s\u00e9ance : ch\u00e8que, esp\u00e8ces ou virement bancaire<\/p>\n\n\n\n<p>\u2022 \u00e0 r\u00e9ception de la facture correspondante (majeurs prot\u00e9g\u00e9s) : virement bancaire<\/p>\n\n\n\n<p>Annulations<\/p>\n\n\n\n<p>\u2022 S\u00e9ance d\u00e9command\u00e9e moins de 48 h avant : 50 \u20ac (\u00e0 r\u00e9gler lors de la s\u00e9ance suivante)<\/p>\n\n\n\n<p>\u2022 S\u00e9ance annul\u00e9e et non d\u00e9command\u00e9e : tarif normal (\u00e0 r\u00e9gler lors de la s\u00e9ance suivante ou \u00e0 d\u00e9duire de l&rsquo;abonnement)<\/p>\n\n\n\n<p>Impay\u00e9s et retards de paiement<\/p>\n\n\n\n<p>\u2022 Les retards de paiement des factures font l&rsquo;objet de relances par voie \u00e9lectronique et\/ ou t\u00e9l\u00e9phonique.<\/p>\n\n\n\n<p>\u2022 Les factures impay\u00e9es et ch\u00e8ques sans provision font l&rsquo;objet de l&rsquo;ouverture d&rsquo;un contentieux avec recours devant la juridiction comp\u00e9tente.<\/p>\n\n\n\n<p><strong>Mentions l\u00e9gales<\/strong><\/p>\n\n\n\n<p>Les prestations ci-dessus d\u00e9taill\u00e9es sont ex\u00e9cut\u00e9es exclusivement par :<\/p>\n\n\n\n<p>Herv\u00e9 Dominique (Lhuissier)<\/p>\n\n\n\n<p>entrepreneur individuel<\/p>\n\n\n\n<p>N\u00ba SIRET : 53387979700017<\/p>\n\n\n\n<p>N\u00ba assurance RC pro : 7476817704<\/p>\n\n\n\n<p>\u2022 adresse : 24 rue des Grillons, 92290 Ch\u00e2tenay-Malabry<\/p>\n\n\n\n<p>\u2022 T\u00e9l. : 07 82 19 75 45<\/p>\n\n\n\n<p>\u2022 e-mail : hdshiatsu1@orange.fr<\/p>\n\n\n\n<p>H\u00e9bergeur : OVH, 2 rue Kellermann, BP 80157, 59053 Roubaix cedex 1<\/p>\n\n\n\n<p>T\u00e9l. : 09 72 10 10 07 <a href=\"https:\/\/www.pagesjaunes.fr\/pros\/62465712\">www.ovhcloud.com<\/a><\/p>\n","protected":false},"excerpt":{"rendered":"<p>Conditions g\u00e9n\u00e9rales de vente (CGV) Les prestations propos\u00e9es incluent des massages Shiatsu, des initiations au Chi-Kung et des s\u00e9ances d&rsquo;auto-massage. Ces prestations sont effectu\u00e9es dans le respect des personnes : avant, pendant et apr\u00e8s les s\u00e9ances. Leur anonymat est donc garanti et nos \u00e9changes restent confidentiels. Aucune donn\u00e9e personnelle n&rsquo;est recueillie par ce site, qui [&hellip;]<\/p>\n","protected":false},"author":1,"featured_media":0,"parent":0,"menu_order":0,"comment_status":"closed","ping_status":"closed","template":"","meta":{"footnotes":""},"class_list":["post-880","page","type-page","status-publish","hentry"],"_links":{"self":[{"href":"https:\/\/goshiatsudo.com\/index.php\/wp-json\/wp\/v2\/pages\/880","targetHints":{"allow":["GET"]}}],"collection":[{"href":"https:\/\/goshiatsudo.com\/index.php\/wp-json\/wp\/v2\/pages"}],"about":[{"href":"https:\/\/goshiatsudo.com\/index.php\/wp-json\/wp\/v2\/types\/page"}],"author":[{"embeddable":true,"href":"https:\/\/goshiatsudo.com\/index.php\/wp-json\/wp\/v2\/users\/1"}],"replies":[{"embeddable":true,"href":"https:\/\/goshiatsudo.com\/index.php\/wp-json\/wp\/v2\/comments?post=880"}],"version-history":[{"count":12,"href":"https:\/\/goshiatsudo.com\/index.php\/wp-json\/wp\/v2\/pages\/880\/revisions"}],"predecessor-version":[{"id":930,"href":"https:\/\/goshiatsudo.com\/index.php\/wp-json\/wp\/v2\/pages\/880\/revisions\/930"}],"wp:attachment":[{"href":"https:\/\/goshiatsudo.com\/index.php\/wp-json\/wp\/v2\/media?parent=880"}],"curies":[{"name":"wp","href":"https:\/\/api.w.org\/{rel}","templated":true}]}}