{"id":823,"date":"2023-03-24T14:33:34","date_gmt":"2023-03-24T13:33:34","guid":{"rendered":"https:\/\/goshiatsudo.com\/?page_id=823"},"modified":"2024-06-18T11:14:16","modified_gmt":"2024-06-18T09:14:16","slug":"823-2","status":"publish","type":"page","link":"https:\/\/goshiatsudo.com\/index.php\/823-2\/","title":{"rendered":"Automassage"},"content":{"rendered":"\n<p><strong>Ou comment se faire du bien !<\/strong><\/p>\n\n\n<p>L&rsquo;automassage favorise la circulation du sang et de l&rsquo;\u00e9nergie vitale (Chi) \u00e0 travers les m\u00e9ridiens charg\u00e9s de v\u00e9hiculer celle-ci : un principe bien connu de la m\u00e9decine traditionnelle chinoise, qui vise \u00e0 entretenir la vitalit\u00e9 de l&rsquo;individu et au del\u00e0, l&rsquo;harmonie du corps et de l\u2019esprit.<\/p>\n<p>Pratiqu\u00e9 avec le bout des doigts ainsi que les paumes des mains, sous forme de pressions, frottements ou percussions, l&rsquo;automassage a pour but de stimuler l&rsquo;ensemble du corps de fa\u00e7on progressive et respectueuse. Raison pour laquelle il peut \u00eatre pratiqu\u00e9 par toute personne sur elle-m\u00eame, quels que soient son \u00e2ge et sa condition physique.<\/p>\n<p>L&rsquo;automassage permet entre autres :<\/p>\n<ul>\n<li>de d\u00e9velopper ou d&rsquo;entretenir la souplesse des ligaments et articulations<\/li>\n<li>d\u2019\u00e9liminer les tensions<\/li>\n<li>d&rsquo;am\u00e9liorer certaines fonctions vitales (digestion\u2026)<\/li>\n<li>de stimuler les d\u00e9fenses immunitaires<\/li>\n<li>d&rsquo;appaiser l&rsquo;esprit<\/li>\n<li>de rem\u00e9dier \u00e0 certains blocages physiques et \u00e9motionnels<\/li>\n<li>de favoriser la r\u00e9sistance au stress<\/li>\n<li>de r\u00e9duire les troubles du sommeil<\/li>\n<\/ul>\n\n\n<p>S\u00e9ances individuelles ou collectives possibles pour toute(s) personne(s) capable(s) de se tenir debout sans aide.<\/p>\n\n\n\n<p>S\u00e9ances individuelles pour les personnes en situation de handicap (malvoyantes par exemple).<\/p>\n\n\n\n<p>Tarif pour une s\u00e9ance individuelle : 70 \u20ac<\/p>\n\n\n\n<p>Entreprises ou groupes (15 personnes maximum) : sur devis<\/p>\n\n\n\n<p>Ils me font confiance : ASPTT, EDF, Un Ballon pour l&rsquo;Insertion\u2026<\/p>\n","protected":false},"excerpt":{"rendered":"<p>Ou comment se faire du bien ! L&rsquo;automassage favorise la circulation du sang et de l&rsquo;\u00e9nergie vitale (Chi) \u00e0 travers les m\u00e9ridiens charg\u00e9s de v\u00e9hiculer celle-ci : un principe bien connu de la m\u00e9decine traditionnelle chinoise, qui vise \u00e0 entretenir la vitalit\u00e9 de l&rsquo;individu et au del\u00e0, l&rsquo;harmonie du corps et de l\u2019esprit. Pratiqu\u00e9 avec [&hellip;]<\/p>\n","protected":false},"author":1,"featured_media":0,"parent":0,"menu_order":0,"comment_status":"closed","ping_status":"closed","template":"","meta":{"footnotes":""},"class_list":["post-823","page","type-page","status-publish","hentry"],"_links":{"self":[{"href":"https:\/\/goshiatsudo.com\/index.php\/wp-json\/wp\/v2\/pages\/823","targetHints":{"allow":["GET"]}}],"collection":[{"href":"https:\/\/goshiatsudo.com\/index.php\/wp-json\/wp\/v2\/pages"}],"about":[{"href":"https:\/\/goshiatsudo.com\/index.php\/wp-json\/wp\/v2\/types\/page"}],"author":[{"embeddable":true,"href":"https:\/\/goshiatsudo.com\/index.php\/wp-json\/wp\/v2\/users\/1"}],"replies":[{"embeddable":true,"href":"https:\/\/goshiatsudo.com\/index.php\/wp-json\/wp\/v2\/comments?post=823"}],"version-history":[{"count":12,"href":"https:\/\/goshiatsudo.com\/index.php\/wp-json\/wp\/v2\/pages\/823\/revisions"}],"predecessor-version":[{"id":913,"href":"https:\/\/goshiatsudo.com\/index.php\/wp-json\/wp\/v2\/pages\/823\/revisions\/913"}],"wp:attachment":[{"href":"https:\/\/goshiatsudo.com\/index.php\/wp-json\/wp\/v2\/media?parent=823"}],"curies":[{"name":"wp","href":"https:\/\/api.w.org\/{rel}","templated":true}]}}